Does 9 divide 1030387120?
False
Is 19321580 a multiple of 677?
True
Is 12762337 a multiple of 2?
False
Is 1182597588 a multiple of 2606?
True
Is 445720347 a multiple of 419?
False
Does 3591 divide 2812090660?
False
Does 49 divide 2171855?
False
Does 6 divide 60818659?
False
Does 1598 divide 23431474?
True
Is 22 a factor of 1288196734?
True
Does 4847 divide 385977412?
False
Is 3196 a factor of 55242860?
True
Is 1258867 a multiple of 17?
True
Is 774 a factor of 100707462?
True
Is 1778024694 a multiple of 60?
False
Is 14 a factor of 682618502?
False
Is 219 a factor of 762593916?
True
Is 821 a factor of 8974937?
False
Is 115 a factor of 25556910?
True
Does 310 divide 73644542?
False
Is 55 a factor of 158759849?
False
Is 38 a factor of 15847826?
False
Is 444162217 a multiple of 14?
False
Is 7 a factor of 6379309?
False
Is 37312308 a multiple of 403?
False
Does 417 divide 180133158?
True
Is 5325352 a multiple of 8?
True
Does 18 divide 853609158?
True
Is 1171677150 a multiple of 150?
True
Is 15 a factor of 1238495280?
True
Does 29 divide 48425041?
True
Is 3725 a factor of 953387675?
True
Is 621194941 a multiple of 193?
False
Does 13 divide 996969651?
False
Is 206 a factor of 99726866?
True
Does 774 divide 161598712?
False
Does 9100 divide 2441196519?
False
Is 370 a factor of 145673070?
True
Is 945 a factor of 44432047?
False
Is 41 a factor of 43139257?
True
Is 972853925 a multiple of 25?
True
Does 67 divide 285377589?
True
Is 79 a factor of 37184935?
False
Is 36166549 a multiple of 11?
False
Is 26540568 a multiple of 36?
True
Is 72 a factor of 48779208?
True
Is 1402 a factor of 827180?
True
Is 1148 a factor of 86188396?
True
Is 129 a factor of 335568541?
False
Is 19885918 a multiple of 74?
False
Is 387 a factor of 1225768?
False
Is 1284 a factor of 237890532?
True
Does 56 divide 710299057?
False
Is 158543306 a multiple of 11?
False
Is 23 a factor of 43951210?
False
Is 62614650 a multiple of 150?
True
Is 181 a factor of 47868346?
True
Is 20270047 a multiple of 9?
False
Does 3280 divide 169529244?
False
Is 195 a factor of 80238405?
True
Does 56 divide 39138766?
False
Is 1382 a factor of 422554992?
False
Does 8 divide 300178466?
False
Is 10 a factor of 153430908?
False
Is 96242442 a multiple of 46?
True
Is 8 a factor of 66984658?
False
Does 591 divide 1875000099?
True
Is 91 a factor of 58086962?
False
Does 1717 divide 533805437?
False
Is 26350217 a multiple of 241?
True
Does 18 divide 2418670269?
False
Is 1321217960 a multiple of 14372?
True
Does 43 divide 200692309?
True
Is 1047595615 a multiple of 7?
False
Does 7 divide 20865330?
False
Is 73398875 a multiple of 2893?
False
Does 30 divide 1789447487?
False
Does 197 divide 171848348?
False
Does 998 divide 55101078?
False
Is 20916763 a multiple of 73?
True
Is 63 a factor of 1547213283?
True
Does 656 divide 455657600?
True
Is 28538472 a multiple of 61?
False
Does 222 divide 6391824?
True
Does 18 divide 115324110?
True
Is 19 a factor of 114055651?
True
Does 5 divide 14946902?
False
Is 20156898 a multiple of 120?
False
Does 30 divide 69949950?
True
Is 48739117 a multiple of 167?
True
Is 519417122 a multiple of 575?
False
Does 4 divide 150362999?
False
Is 1705201826 a multiple of 7473?
False
Is 104 a factor of 42785980?
False
Is 366 a factor of 123970867?
False
Does 14 divide 133534772?
True
Is 104 a factor of 253808101?
False
Does 765 divide 3531313048?
False
Is 23 a factor of 2098355343?
True
Is 2750224066 a multiple of 7?
False
Does 51 divide 1117076205?
True
Does 219 divide 12517108?
False
Does 98 divide 42809732?
True
Does 71 divide 1270068256?
False
Is 406093183 a multiple of 2938?
False
Is 2 a factor of 7912021?
False
Is 295923135 a multiple of 4?
False
Does 13 divide 160154063?
False
Does 162 divide 9765099?
False
Is 289 a factor of 37354254?
False
Is 6621732 a multiple of 12?
True
Is 8862408 a multiple of 332?
True
Is 194328072 a multiple of 108?
True
Does 521 divide 19450493?
True
Is 286204368 a multiple of 16?
True
Does 1001 divide 179953334?
False
Is 37575393 a multiple of 41?
True
Is 184 a factor of 149573048?
True
Does 3 divide 3412407?
True
Is 1310669137 a multiple of 176?
False
Is 1411 a factor of 17739092?
True
Is 141395698 a multiple of 34?
True
Is 147 a factor of 605501679?
False
Does 185 divide 2042527553?
False
Does 258 divide 2513349346?
False
Does 25 divide 1703434900?
True
Is 362 a factor of 1212454564?
True
Does 2336 divide 1760381998?
False
Is 1213155 a multiple of 44?
False
Does 2819 divide 215033110?
False
Is 1356438730 a multiple of 4649?
True
Is 8152904 a multiple of 112?
False
Is 293 a factor of 498814627?
True
Does 3020 divide 81968840?
True
Is 41 a factor of 976756366?
True
Is 19590857 a multiple of 22?
False
Is 173144122 a multiple of 286?
False
Is 2171 a factor of 589849845?
True
Is 12 a factor of 390466803?
False
Is 33739173 a multiple of 2327?
True
Does 17 divide 177802729?
False
Does 1041 divide 18660966?
True
Is 38 a factor of 2615963?
False
Is 3891 a factor of 1152634821?
True
Is 402 a factor of 1119070529?
False
Is 363 a factor of 4546212?
True
Is 380 a factor of 35230960?
False
Does 27 divide 11868066?
True
Is 35 a factor of 213085565?
True
Does 699 divide 25433463?
False
Is 462505178 a multiple of 3398?
True
Is 2895409 a multiple of 14?
False
Is 9 a factor of 140548980?
False
Does 204 divide 10236417?
False
Is 18128515 a multiple of 8?
False
Does 250 divide 1498753330?
False
Does 536 divide 53671824?
True
Does 9 divide 152745408?
True
Is 150998918 a multiple of 22?
False
Does 60 divide 549204376?
False
Is 333859284 a multiple of 23?
False
Does 178 divide 42387674?
True
Does 83 divide 185208358?
True
Is 668248923 a multiple of 4163?
True
Is 382 a factor of 272287866?
False
Does 12 divide 252702288?
True
Is 15084193 a multiple of 5?
False
Is 881327768 a multiple of 31?
True
Is 143257239 a multiple of 1370?
False
Is 1379 a factor of 79826173?
True
Is 112354423 a multiple of 19?
False
Is 16 a factor of 1126478192?
True
Is 2357 a factor of 23191365?
False
Is 5774208 a multiple of 33?
True
Does 73 divide 7143962?
False
Is 123 a factor of 9633401?
False
Does 266 divide 509799679?
False
Is 36612861 a multiple of 2068?
False
Is 1824856 a multiple of 31?
False
Does 1280 divide 1279973120?
True
Is 36 a factor of 3499541208?
True
Does 47 divide 35852540?
True
Does 18 divide 1852722769?
False
Is 1294 a factor of 15848084?
False
Does 639 divide 545805684?
True
Is 1953371600 a multiple of 8?
True
Does 138 divide 14605073?
False
Is 2004 a factor of 220131294?
False
Is 39108210 a multiple of 606?
True
Does 68 divide 15409431?
False
Is 1535 a factor of 3067872490?
True
Is 265085948 a multiple of 449?
False
Does 91 divide 960308440?
True
Does 38 divide 281892138?
False
Does 147 divide 73285821?
True
Is 13 a factor of 127864745?
False
Does 38 divide 1082892916?
True
Is 11026967 a multiple of 16?
False
Is 9 a factor of 115757280?
True
Is 482 a factor of 35532558?
True
Is 6965 a factor of 1494369265?
False
Does 16 divide 436152816?
True
Does 70 divide 30771860?
True
Is 3000076625 a multiple of 242?
False
Is 1850002354 a multiple of 146?
True
Is 63 a factor of 47108439?
True
Is 8 a factor of 55851752?
True
Is 78468779 a multiple of 5?
False
Is 250553710 a multiple of 16?
False
Is 72 a factor of 69047208?
True
Is 10808066 a multiple of 72?
False
Is 27841422 a multiple of 1506?
True
Is 23 a factor of 4140289800?
True
Is 2 a factor of 262473463?
False
Does 1429 divide 77693063?
False
Does 9 divide 267359759?
False
Is 199 a factor of 1401063?
False
Is 401 a factor of 150803268?
True
Does 63 divide 222660569?
False
Does 169 divide 2336594?
True
Does 23 divide 6354141?
True
Is 48 a factor of 3854450?
False
Does 43 divide 21090990?
False
Is 603285197 a multiple of 37?
False
Is 50325044 a multiple of 3?
False
Does 6 divide 6182007?
False
Is 115715776 a multiple of 4164?
False
Does 708 divide 8621316?
True
Is 85 a factor of 15918403?
False
Is 471 a factor of 934374452?
False
Does 15 divide 84158454?
False
Does 26 divide 982208448?
True
Is 13 a factor of 643619834?
True
Is 3693303 a multiple of 3?
True
Is 23449765 even?
False
Is 136851901 a multiple of 1447?
False
Is 36 a factor of 118078416?
True
Is 1038 a factor of 32384562?
True
Is 1283774780 a multiple of 19?
False
Is 24213739 a multiple o